1 + -1 - w)*27/(-18). Calculate the greatest common factor of m and k.
12
Let q = 412 - 412. Suppose -8*f + 52 + 20 = q. Let o(z) = 33*z. Let c be o(3). What is the highest common factor of c and f?
9
Let p be (2 + -1*12)*(-73 + 59). Calculate the greatest common divisor of 784 and p.
28
Let t(y) = 4*y**2 + 36 - 3*y**2 + 30 + 39 + y**3. Let n = 2919 - 2919. Let h be t(n). What is the greatest common factor of h and 30?
15
Let x be -5 - (-14 - 1052 - 1). Calculate the greatest common divisor of x and 72.
18
Let r be (-3)/(-2)*(198/11 - -2). Calculate the highest common factor of r and 1095.
15
Let t = -180258 + 180267. Suppose 461 + 349 = 5*v. Calculate the highest common factor of v and t.
9
Let a(x) = 2*x**2 - 17*x - 484. Let k be a(-19). What is the greatest common divisor of 969 and k?
51
Suppose 3*p - 46200 = 38*p. Let w be (-10)/((-6)/(-10) + 822/p). What is the greatest common divisor of 88 and w?
88
Let x be ((-35)/(-4))/(-7)*-2*-86. Let b = x + 255. Let v(o) = o**3 - o**2 + 3*o - 2. Let j be v(2). Calculate the highest common factor of j and b.
8
Suppose -76*u - 445 + 515 = -1450. What is the highest common factor of 24480 and u?
20
Suppose 5*k - 2*k = 18. Let z be 8*(k/(-2) - (-44)/11). Calculate the greatest common factor of z and 8.
8
Suppose 8 - 98 = 6*p. Let o be (-55)/(18/p + 1). Let m be 21 - -2 - (-4 - -2). Calculate the greatest common factor of m and o.
25
Suppose 24*p = 25*p - 345. Let h = -305 + p. Calculate the highest common factor of 32 and h.
8
Suppose -w - 31*b + 33*b + 58 = 0, 5*b + 220 = 4*w. What is the greatest common divisor of w and 6950?
50
Let x be 24/72*0/3. Suppose x = -31*v - 40 + 1001. What is the highest common factor of v and 155?
31
Suppose 0 = l - 2, -4*l + 1 = r - 0. Let u be (2 + 5)*(-6)/r. Suppose 80 - 271 + 1471 = 640*h. What is the highest common factor of u and h?
2
Suppose -10 = -m - 1. Suppose 0 = 17*l - 9 - 8. What is the highest common divisor of m and l?
1
Let r(s) = -38*s**2 + 220*s - 3. Suppose 0 = -4*x + 12, x = -0*i - 2*i + 13. Let a be r(i). What is the highest common divisor of a and 7?
7
Let j(b) = -b**2 + 14*b - 13. Let g be 3*(-6)/9 + 4. Let o(x) = 6*x. Let s be o(g). Let i be j(s). What is the greatest common factor of 110 and i?
11
Let s be 17 + 12/(-54) + (-40)/(-18). Let a = 26 + s. Suppose 5*y - 110 = 5*t, 3*y - 4*t + 8*t - a = 0. What is the greatest common factor of y and 152?
19
Let u = 622 + -879. Let h = 362 + u. Suppose 150 = 3*s + 4*c, 66 = -46*s + 48*s - 3*c. What is the greatest common factor of s and h?
21
Suppose -w = 4*w - 20. Let t = w - 2. Suppose 0 = 9*f - 6*f - 9. What is the greatest common divisor of t and f?
1
Let h(t) = t**3 + 118*t**2 + 80*t - 1129. Let s be h(-117). What is the highest common factor of 96 and s?
32
Let c(d) = -d**2 + 15*d - 28. Let r = 365 - 354. Let p be c(r). Calculate the highest common factor of p and 72.
8
Let d be 1 - -18 - (-8 - -10). Suppose 0 = -3*h + 7*h + 2*l - 66, -l - 1 = 0. What is the greatest common divisor of d and h?
17
Suppose 11564 = -3*i + 39*i + 3284. Suppose 3*w - 5*v = 33 + 17, -2*v + 2 = w. Calculate the greatest common divisor of i and w.
10
Let f(w) = -3*w**2 - 60*w - 28. Suppose -162 = 20*s - 11*s. Let v be f(s). Calculate the greatest common divisor of v and 100.
20
Let s(w) = -36*w - 12. Let v be -15*2/(-8)*40/(-30). Let d be s(v). Calculate the greatest common divisor of 210 and d.
42
Let x be (-1224)/(-90)*10/28*7. Calculate the highest common factor of x and 833.
17
Suppose 0 = 25438*i - 25414*i - 528. What is the highest common factor of i and 979?
11
Let u = 53 - 31. Let o(z) = 22*z - 22. Let l be o(12). What is the greatest common divisor of l and u?
22
Let m = -7372 - -10870. Calculate the greatest common factor of 330 and m.
66
Suppose 49*h = 60*h - 2552. Calculate the greatest common divisor of 6728 and h.
232
Let j be -243 - (9 + -5)*(-2)/(-8). Let q = 304 + j. What is the greatest common factor of 510 and q?
30
Let f(w) = 21*w + 44. Let u be f(9). Let o = u + -338. Let b = o - -113. What is the greatest common divisor of b and 1?
1
Let b be 10/(-35) + (2 - (-26)/(-7)). Let h be (9 - b)/((-1)/(-5)). Calculate the highest common factor of 11 and h.
11
Let z(c) = -6*c - 6. Let i be z(-2). Let s(j) = i*j - 11 - 2 + 3. Let b be s(5). What is the greatest common divisor of b and 8?
4
Let q(y) be the first derivative of y**3/3 + 18*y**2 + 3*y + 17. Let f be q(-37). What is the greatest common divisor of f and 72?
8
Suppose -2*g + 1496 = 4*q, -5*g + 22*q - 24*q = -3764. What is the greatest common divisor of 1352 and g?
26
Let p(b) = 1292*b - 1265. Let j be p(1). Calculate the highest common factor of j and 35667.
27
Let u = 13 + 23. Let r = -31123 + 31165. Calculate the highest common divisor of u and r.
6
Suppose -2*l - 4*o + 12 = 0, -3*l = 2*o - 33 - 1. Calculate the greatest common factor of 8 and l.
2
Let t(w) = 25*w - 93. Let h be t(5). What is the greatest common factor of 200 and h?
8
Suppose 0*c - 2*v - 85 = -5*c, 5*v - 17 = -c. What is the highest common divisor of 1649 and c?
17
Suppose 0 = -2*x - 88*p + 92*p + 110, 158 = 2*x + 4*p. Calculate the greatest common divisor of 4623 and x.
67
Suppose -187 + 1960 = 181*j - 1485. Suppose -4*o + 8 = 0, 2*n + 5*o = n + 37. Calculate the greatest common divisor of n and j.
9
Let k(a) = -a**3 + 16*a**2 - 213. Let n be k(13). Calculate the greatest common factor of n and 336.
42
Let v be (0/7 - 2)/(-7 + 218815/31260). What is the greatest common factor of 24 and v?
24
Suppose 328 = 4*q + 5*u, 0 = 5*q - 2*u - 52 - 391. What is the greatest common factor of q and 1131?
87
Let i = 179 - 150. Suppose -33*m + 28 = -i*m. Let a(s) = 14*s + 7. Let j be a(5). What is the greatest common factor of m and j?
7
Let d be (-1 - -3)/(1/47). Let q = -841 + 1470. Let j = q - 488. What is the highest common divisor of d and j?
47
Let j = -20293 + 20327. Let p(c) = 17*c. Let n be p(3). Calculate the highest common factor of n and j.
17
Let t(r) = -3*r**3 + 4*r + 5. Let d be t(-3). Let y(x) = 5*x**2 + 104*x + 629. Let i be y(-6). Calculate the highest common factor of d and i.
37
Suppose 11*q - 2*o = 15*q - 32252, 5*q - 5*o = 40270. What is the highest common factor of q and 1040?
260
Suppose -461*i - 5*f = -466*i + 230, -66 = -i - 4*f. Suppose -5*k = -4*k - 19. Let h = 1 + k. What is the greatest common divisor of i and h?
10
Let m = 15 + -11. Suppose -2*c + m = -0*c. Suppose 26 = 5*j + 2*s - 18, 0 = 2*j - 4*s - 8. Calculate the greatest common divisor of j and c.
2
Suppose 36*k - 39*k = -30. Let x be ((-4)/5)/(k/(-75)). What is the greatest common divisor of 4 and x?
2
Let l(x) = -x**3 - 4*x**2 + 17*x - 75. Let d be l(-8). Calculate the highest common factor of 2367 and d.
9
Let c(d) = 11*d + 292. Let b be c(-26). Let v be 28/b*627/22. What is the greatest common divisor of 28 and v?
7
Suppose 0 = 142*f + 604 - 7420. What is the greatest common factor of f and 2048?
16
Let u(m) = 5*m + 26. Let k(h) = -11*h - 50. Let d(w) = 4*k(w) + 9*u(w). Let q be d(10). Calculate the greatest common divisor of 242 and q.
22
Suppose -109 - 256 = -16*l - 13. Calculate the highest common divisor of l and 1375.
11
Suppose 5*a = 2*k - 983, k + a - 28 = 453. Let o(f) = -f**3 + 3*f**2 + 6*f. Let v be o(-4). What is the highest common factor of k and v?
44
Suppose -2*d = 10, -36 = -3*m + 3*d + 369. What is the greatest common divisor of 6110 and m?
130
Suppose -3 = -3*f, -2*l - l - 5*f = -2576. Let o = l - 809. What is the greatest common factor of o and 30?
6
Let a be 0 + 2 + (-369)/205 - (-8876)/20. What is the highest common divisor of 7881 and a?
111
Let d = 8466 - 8412. Suppose 7*o - 9*o + 48 = 0. What is the greatest common divisor of d and o?
6
Suppose 2*f = -f + 66. Let p be 24/14*(-1204)/(-258). Calculate the highest common factor of f and p.
2
Let p = 1022 - 954. What is the highest common factor of 4284 and p?
68
Let m(y) = 22*y + 126. Let g be m(-5). Let r = 36 - 36. Suppose r = 2*b - 8. Calculate the greatest common divisor of b and g.
4
Suppose -21 = -6*i + 9. Let o be 140 - 0/(4 - i). What is the highest common factor of 20 and o?
20
Suppose 4*u - 18*f = -14*f + 392, 4*f - 308 = -3*u. What is the greatest common factor of 44 and u?
4
Suppose -5*o = w - 6*w + 20830, -4*o = -2*w + 8